{"id":437,"date":"2014-01-02T17:37:52","date_gmt":"2014-01-02T16:37:52","guid":{"rendered":"http:\/\/localhost:8888\/cri201\/?page_id=437"},"modified":"2014-07-18T08:43:41","modified_gmt":"2014-07-18T06:43:41","slug":"interventions-2010","status":"publish","type":"page","link":"https:\/\/www.cri201.ch\/?page_id=437","title":{"rendered":"Interventions 2010"},"content":{"rendered":"<a href='#' class='small-button smallblue'>Retour \u00e0 la page pr\u00e9c\u00e9dente<\/a>\n<p>&nbsp;<\/p>\n<p>&nbsp;<\/p>\n<table border=\"1\" width=\"756\">\n<tbody>\n<tr>\n<td><strong>N\u00b0<br \/>\n<\/strong><\/td>\n<td><strong>Date<\/strong><\/td>\n<td><strong>Heure<\/strong><\/td>\n<td><strong>Adresse<\/strong><\/td>\n<td><strong>Interventions 2010<\/strong><\/td>\n<td><strong>SPV<\/strong><\/td>\n<td><strong>SIS<\/strong><\/td>\n<td><strong>SPV\u00a0+ SIS<\/strong><\/td>\n<\/tr>\n<tr>\n<td align=\"center\">1<\/td>\n<td align=\"center\">10.01.2010<\/td>\n<td align=\"center\">17H15<\/td>\n<td>Rte d&rsquo;Aire-la-Ville 22<\/td>\n<td>Inondation &#8211; Batiment &#8211; Communs<\/td>\n<td align=\"center\">X<\/td>\n<td align=\"center\"><\/td>\n<td><\/td>\n<\/tr>\n<tr>\n<td align=\"center\">2<\/td>\n<td align=\"center\">15.01.2010<\/td>\n<td align=\"center\">23H51<\/td>\n<td>Chemin de Murcie 18<\/td>\n<td>Inondation &#8211; Batiment &#8211; Cave<\/td>\n<td align=\"center\">X<\/td>\n<td><\/td>\n<td><\/td>\n<\/tr>\n<tr>\n<td align=\"center\">3<\/td>\n<td align=\"center\">08.02.2010<\/td>\n<td align=\"center\">22H35<\/td>\n<td>Bernex-en-Combes 24<\/td>\n<td>Inondation &#8211; Batiment &#8211; Cave<\/td>\n<td align=\"center\">X<\/td>\n<td><\/td>\n<td><\/td>\n<\/tr>\n<tr>\n<td align=\"center\">4<\/td>\n<td align=\"center\">09.04.2010<\/td>\n<td align=\"center\">16H49<\/td>\n<td>Rue de Bernex 253A<\/td>\n<td><a href=\"http:\/\/www.pompiers-bernex.ch\/index.php?page=feu-rue-de-bernex-253a\">Incendie &#8211; Habitation &#8211; Appartement<\/a><\/td>\n<td><\/td>\n<td><\/td>\n<td align=\"center\">X<\/td>\n<\/tr>\n<tr>\n<td align=\"center\">5<\/td>\n<td align=\"center\">18.04.2010<\/td>\n<td align=\"center\">13H28<\/td>\n<td>Route de Soral 152<\/td>\n<td>Animaux &#8211; Destruction &#8211; Insecte<\/td>\n<td align=\"center\">X<\/td>\n<td><\/td>\n<td><\/td>\n<\/tr>\n<tr>\n<td align=\"center\">6<\/td>\n<td align=\"center\">25.04.2010<\/td>\n<td align=\"center\">12H00<\/td>\n<td>Bernex-en-Combes 13<\/td>\n<td>Animaux &#8211; Recuperation\u00a0&#8211; Domestique<\/td>\n<td align=\"center\">X<\/td>\n<td><\/td>\n<td><\/td>\n<\/tr>\n<tr>\n<td align=\"center\">7<\/td>\n<td align=\"center\">24.05.2010<\/td>\n<td align=\"center\">18H57<\/td>\n<td>Bernex-en-Combes 22<\/td>\n<td>Animaux &#8211; Recuperation\u00a0&#8211; Insectes<\/td>\n<td align=\"center\">X<\/td>\n<td><\/td>\n<td><\/td>\n<\/tr>\n<tr>\n<td align=\"center\">8<\/td>\n<td align=\"center\">30.05.2010<\/td>\n<td align=\"center\">16H03<\/td>\n<td>Bernex-en-Combes 12<\/td>\n<td>Animaux &#8211; Recuperation\u00a0&#8211; Domestique<\/td>\n<td align=\"center\">X<\/td>\n<td><\/td>\n<td><\/td>\n<\/tr>\n<tr>\n<td align=\"center\">9<\/td>\n<td align=\"center\">09.06.2010<\/td>\n<td align=\"center\">20H31<\/td>\n<td>Chemin de la Dode 35<\/td>\n<td>Animaux &#8211; Recuperation &#8211; Insectes<\/td>\n<td align=\"center\">X<\/td>\n<td><\/td>\n<td><\/td>\n<\/tr>\n<tr>\n<td align=\"center\">10<\/td>\n<td align=\"center\">11.06.2010<\/td>\n<td align=\"center\">19H16<\/td>\n<td>Bernex-en-Combes 24<\/td>\n<td>Inondation &#8211; Batiment &#8211; Logement<\/td>\n<td align=\"center\">X<\/td>\n<td><\/td>\n<td><\/td>\n<\/tr>\n<tr>\n<td align=\"center\">11<\/td>\n<td align=\"center\">19.06.2010<\/td>\n<td align=\"center\">15H33<\/td>\n<td>Bernex-en-Combes 17<\/td>\n<td>Inondation &#8211; Batiment &#8211; Logement<\/td>\n<td align=\"center\">X<\/td>\n<td><\/td>\n<td><\/td>\n<\/tr>\n<tr>\n<td align=\"center\">12<\/td>\n<td align=\"center\">29.07.2010<\/td>\n<td align=\"center\">01H38<\/td>\n<td>Route de Lully 110<\/td>\n<td><a href=\"http:\/\/www.pompiers-bernex.ch\/index.php?page=feu-ferme-de-lully\">Incendie &#8211; Batiment &#8211; Ferme <\/a><\/td>\n<td><\/td>\n<td><\/td>\n<td align=\"center\">X<\/td>\n<\/tr>\n<tr>\n<td align=\"center\">13<\/td>\n<td align=\"center\">09.09.2010<\/td>\n<td align=\"center\">18H58<\/td>\n<td>Route de Ch\u00e8vre 29<\/td>\n<td>Incendie &#8211; Nature &#8211; Detritus<\/td>\n<td align=\"center\">X<\/td>\n<td><\/td>\n<td><\/td>\n<\/tr>\n<tr>\n<td align=\"center\">14<\/td>\n<td style=\"text-align: center;\">27.09.2010<\/td>\n<td align=\"center\">21H22<\/td>\n<td>Chemin des Blanchards<\/td>\n<td>Incendie &#8211; Batiment\u00a0&#8211; Hopital\/clinique<\/td>\n<td><\/td>\n<td><\/td>\n<td align=\"center\">X<\/td>\n<\/tr>\n<tr>\n<td align=\"center\">15<\/td>\n<td align=\"center\">29.10.2010<\/td>\n<td align=\"center\">02H05<\/td>\n<td>Ch. de Champ Rond 8<\/td>\n<td><a href=\"http:\/\/www.pompiers-bernex.ch\/index.php?page=feu-de-villa-chemin-de-champ-rond-8\">Renfort CP27 &#8211; Incendie &#8211; Habitation<\/a><\/td>\n<td><\/td>\n<td><\/td>\n<td align=\"center\">X<\/td>\n<\/tr>\n<tr>\n<td align=\"center\">16<\/td>\n<td align=\"center\">31.10.2010<\/td>\n<td align=\"center\">14H30<\/td>\n<td>Route de Valli\u00e8re<\/td>\n<td><a href=\"http:\/\/www.pompiers-bernex.ch\/index.php?page=renfort-compagnie-de-cartigny-pour-une-innondation-de-cave\">Renfort CP18 &#8211; Inondation &#8211; Cave<\/a><\/td>\n<td align=\"center\">X<\/td>\n<td><\/td>\n<td><\/td>\n<\/tr>\n<tr>\n<td align=\"center\">17<\/td>\n<td align=\"center\">13.11.2010<\/td>\n<td align=\"center\">14H00<\/td>\n<td>Chemin de Saule 37<\/td>\n<td>Inondation &#8211; Voie publique &#8211; Conduite<\/td>\n<td align=\"center\">X<\/td>\n<td><\/td>\n<td><\/td>\n<\/tr>\n<tr>\n<td align=\"center\">18<\/td>\n<td align=\"center\">14.11.2010<\/td>\n<td align=\"center\">11H51<\/td>\n<td>Bernex en Combes 9<\/td>\n<td>Prevention &#8211; Batiment &#8211; Antenne<\/td>\n<td align=\"center\">X<\/td>\n<td><\/td>\n<td><\/td>\n<\/tr>\n<tr>\n<td align=\"center\">19<\/td>\n<td align=\"center\">21.11.2010<\/td>\n<td align=\"center\">22H08<\/td>\n<td>Ch. Communaux 40<\/td>\n<td>Incendie &#8211; Nature &#8211; Decharge<\/td>\n<td><\/td>\n<td><\/td>\n<td align=\"center\">X<\/td>\n<\/tr>\n<tr>\n<td align=\"center\">20<\/td>\n<td align=\"center\">27.11.2010<\/td>\n<td align=\"center\">13H35<\/td>\n<td>Bernex en Combes 13<\/td>\n<td>Inondation &#8211; Batiment &#8211; Communs<\/td>\n<td align=\"center\">X<\/td>\n<td><\/td>\n<td><\/td>\n<\/tr>\n<tr>\n<td align=\"center\">21<\/td>\n<td align=\"center\">03.12.2010<\/td>\n<td align=\"center\">19H54<\/td>\n<td>Bernex-en-Combes 27<\/td>\n<td>Inondation &#8211; Batiment\u00a0&#8211; Logement<\/td>\n<td align=\"center\">X<\/td>\n<td><\/td>\n<td><\/td>\n<\/tr>\n<tr>\n<td align=\"center\">22<\/td>\n<td align=\"center\">05.12.2010<\/td>\n<td align=\"center\">13H16<\/td>\n<td>Route de Loex 77<\/td>\n<td>Inondation &#8211; Batiment &#8211; Cave<\/td>\n<td align=\"center\">X<\/td>\n<td><\/td>\n<td><\/td>\n<\/tr>\n<tr>\n<td align=\"center\">23<\/td>\n<td align=\"center\">27.12.2010<\/td>\n<td align=\"center\">23H43<\/td>\n<td>Route de Loex 89<\/td>\n<td>Inondation &#8211; Nature &#8211; Conduite<\/td>\n<td align=\"center\">X<\/td>\n<td><\/td>\n<td><\/td>\n<\/tr>\n<tr>\n<td><\/td>\n<td><\/td>\n<td><\/td>\n<td><\/td>\n<td><\/td>\n<td><\/td>\n<td><\/td>\n<td><\/td>\n<\/tr>\n<\/tbody>\n<\/table>\n","protected":false},"excerpt":{"rendered":"<p>&nbsp; &nbsp; N\u00b0 Date Heure Adresse Interventions 2010 SPV SIS SPV\u00a0+ SIS 1 10.01.2010 17H15 Rte d&rsquo;Aire-la-Ville 22 Inondation &#8211; Batiment &#8211; Communs X 2 15.01.2010 23H51 Chemin de Murcie 18 Inondation &#8211; Batiment &#8211; Cave X 3 08.02.2010 22H35 Bernex-en-Combes 24 Inondation &#8211; Batiment &#8211; Cave X 4 09.04.2010 16H49 Rue de Bernex 253A [&hellip;]<\/p>\n","protected":false},"author":5,"featured_media":0,"parent":0,"menu_order":0,"comment_status":"closed","ping_status":"closed","template":"","meta":{"_et_pb_use_builder":"","_et_pb_old_content":"","_et_gb_content_width":"","footnotes":""},"class_list":["post-437","page","type-page","status-publish","hentry"],"_links":{"self":[{"href":"https:\/\/www.cri201.ch\/index.php?rest_route=\/wp\/v2\/pages\/437"}],"collection":[{"href":"https:\/\/www.cri201.ch\/index.php?rest_route=\/wp\/v2\/pages"}],"about":[{"href":"https:\/\/www.cri201.ch\/index.php?rest_route=\/wp\/v2\/types\/page"}],"author":[{"embeddable":true,"href":"https:\/\/www.cri201.ch\/index.php?rest_route=\/wp\/v2\/users\/5"}],"replies":[{"embeddable":true,"href":"https:\/\/www.cri201.ch\/index.php?rest_route=%2Fwp%2Fv2%2Fcomments&post=437"}],"version-history":[{"count":7,"href":"https:\/\/www.cri201.ch\/index.php?rest_route=\/wp\/v2\/pages\/437\/revisions"}],"predecessor-version":[{"id":951,"href":"https:\/\/www.cri201.ch\/index.php?rest_route=\/wp\/v2\/pages\/437\/revisions\/951"}],"wp:attachment":[{"href":"https:\/\/www.cri201.ch\/index.php?rest_route=%2Fwp%2Fv2%2Fmedia&parent=437"}],"curies":[{"name":"wp","href":"https:\/\/api.w.org\/{rel}","templated":true}]}}