{"id":110,"date":"2013-12-17T21:50:51","date_gmt":"2013-12-17T20:50:51","guid":{"rendered":"http:\/\/localhost:8888\/cri201\/?page_id=110"},"modified":"2018-02-14T13:59:04","modified_gmt":"2018-02-14T12:59:04","slug":"vehicules-3","status":"publish","type":"page","link":"https:\/\/www.cri201.ch\/?page_id=110","title":{"rendered":"V\u00e9hicules"},"content":{"rendered":"<p>Notre compagnie est \u00e9quip\u00e9e de six v\u00e9hicules d&rsquo;intervention:<\/p>\n<ol>\n<li>Opel Combo, voiture utilis\u00e9e par le chef d&rsquo;intervention.<\/li>\n<li>Nissan Navara, pick up utilis\u00e9 pour le transport de mat\u00e9riel et pour tirer diff\u00e9rentes remorques.<\/li>\n<li>Nissan Cabstar, pont plat utilis\u00e9 pour le transport de mat\u00e9riel.<\/li>\n<li>Mercedes Spinter 515, v\u00e9hicule utilis\u00e9 pour le transport de personnes ainsi que du mat\u00e9riel de premi\u00e8re intervention.<\/li>\n<li>Mercedes 309D, v\u00e9hicule utilis\u00e9 pour le transport de moyen hydrolique (1000 m\u00e8tres de 75\u2205).<\/li>\n<li>MAN TGM, Tonne-pompe voir description ci-apr\u00e8s:<\/li>\n<\/ol>\n<p>&nbsp;<\/p>\n<p>L&rsquo;histoire de notre Tonne-pompe commence en 2010 lorsque nos autorit\u00e9s communales valident l&rsquo;achat de ce v\u00e9hicule afin de\u00a0r\u00e9pondre aux besoins d&rsquo;interventions et d&rsquo;\u00e9volutions des tactiques d&rsquo;engagement.<\/p>\n<p>C&rsquo;est le d\u00e9but d&rsquo;une longue proc\u00e9dure administrative, de longs mois de travail et de r\u00e9flexion de la part de l&rsquo;Etat-major et de plusieurs autres membres de notre compagnie afin d&rsquo;\u00e9tablir un cahier des charges en vue d&rsquo;une soumission au march\u00e9 publique.<!--more--><\/p>\n<p>Le choix d&rsquo;un v\u00e9hicule de ce type ne s&rsquo;improvise pas. Ce camion doit r\u00e9pondre \u00e0 de nombreux crit\u00e8res, sachant que la dur\u00e9e de vie d&rsquo;une telle machine est d&rsquo;une vingtaine d&rsquo;ann\u00e9es environ.<\/p>\n<p>Qu&rsquo;il s&rsquo;agisse du ch\u00e2ssis, de la pompe, des diff\u00e9rents syst\u00e8mes embarqu\u00e9s ou du mat\u00e9riel, les diff\u00e9rentes possibilit\u00e9s techniques ont d&rsquo;abord \u00e9t\u00e9 guid\u00e9es par la volont\u00e9 d&rsquo;\u00eatre le plus efficace possible sur les interventions avec un effectif maximum de 9 personnes \u00e0 bord.<\/p>\n<p>Pour arriver \u00e0 ce r\u00e9sultat il a fallu comparer les diff\u00e9rents v\u00e9hicules et syst\u00e8mes existants et d\u00e9terminer quelles \u00e9taient les solutions les plus adapt\u00e9es \u00e0 notre compagnie. Nous avons donc rendu visite \u00e0 de nombreux coll\u00e8gues d&rsquo;autres corps professionnels et volontaires en suisse romande et partag\u00e9 avec eux les exp\u00e9riences bonnes ou mauvaises qu&rsquo;ils ont v\u00e9cu avec ce type de v\u00e9hicule. Nous avons aussi visit\u00e9 plusieurs entreprises construisant ce type d&rsquo;engins et nous sommes rendus dans des foires sp\u00e9cialis\u00e9es en Suisse.<\/p>\n<p>Apr\u00e8s la r\u00e9alisation d&rsquo;un cahier des charges pr\u00e9cis et complet, le suivi d&rsquo;une proc\u00e9dure de march\u00e9 public et le choix final du v\u00e9hicule, c&rsquo;est la construction \u00e0 proprement parler qui d\u00e9buta mi-2012.<br \/>\nUn suivi r\u00e9gulier de la construction nous permis d&rsquo;obtenir le r\u00e9sultat que vous pouvez voir sur les images ci-apr\u00e8s.<\/p>\n<p>C&rsquo;est finalement le 2 f\u00e9vrier 2013, apr\u00e8s une formation des membres de la Compagnie que notre nouvelle tonne pompe est entr\u00e9e en service.<\/p>\n<p><strong>Caract\u00e9ristiques :<\/strong><\/p>\n<ul>\n<li>Marque: MAN TGM 18.340<\/li>\n<li>Citerne eau: 3000 litres<\/li>\n<li>Ann\u00e9e de construction: 2013<\/li>\n<li>Poids total autoris\u00e9: 18&rsquo;000 kilos<\/li>\n<li>Pompe incendie: 2000 l\/min \u00e0 10 bars<\/li>\n<li>Pompe haute pression: 250l\/min \u00e0 40 bars<\/li>\n<li>Canon \u00e0 eau:\u00a0 1000 l\/min \u00e0 10 bars<\/li>\n<li>Longueur:\u00a0 8.60 m\u00e8tres<\/li>\n<li>Largeur: 2.50 m\u00e8tres<\/li>\n<li>Hauteur: 3.40 m\u00e8tres<\/li>\n<li>Places: 9 places<\/li>\n<li>Moteur: 340 CV<\/li>\n<li>Carburant: Diesel<\/li>\n<li>Motricit\u00e9: 4 x 4 permanent<\/li>\n<\/ul>\n","protected":false},"excerpt":{"rendered":"<p>Notre compagnie est \u00e9quip\u00e9e de six v\u00e9hicules d&rsquo;intervention: Opel Combo, voiture utilis\u00e9e par le chef d&rsquo;intervention. Nissan Navara, pick up utilis\u00e9 pour le transport de mat\u00e9riel et pour tirer diff\u00e9rentes remorques. Nissan Cabstar, pont plat utilis\u00e9 pour le transport de mat\u00e9riel. Mercedes Spinter 515, v\u00e9hicule utilis\u00e9 pour le transport de personnes ainsi que du mat\u00e9riel [&hellip;]<\/p>\n","protected":false},"author":5,"featured_media":1261,"parent":0,"menu_order":0,"comment_status":"closed","ping_status":"closed","template":"template-gallery-masory.php","meta":{"_et_pb_use_builder":"","_et_pb_old_content":"","_et_gb_content_width":"","footnotes":""},"class_list":["post-110","page","type-page","status-publish","has-post-thumbnail","hentry"],"_links":{"self":[{"href":"https:\/\/www.cri201.ch\/index.php?rest_route=\/wp\/v2\/pages\/110"}],"collection":[{"href":"https:\/\/www.cri201.ch\/index.php?rest_route=\/wp\/v2\/pages"}],"about":[{"href":"https:\/\/www.cri201.ch\/index.php?rest_route=\/wp\/v2\/types\/page"}],"author":[{"embeddable":true,"href":"https:\/\/www.cri201.ch\/index.php?rest_route=\/wp\/v2\/users\/5"}],"replies":[{"embeddable":true,"href":"https:\/\/www.cri201.ch\/index.php?rest_route=%2Fwp%2Fv2%2Fcomments&post=110"}],"version-history":[{"count":11,"href":"https:\/\/www.cri201.ch\/index.php?rest_route=\/wp\/v2\/pages\/110\/revisions"}],"predecessor-version":[{"id":1301,"href":"https:\/\/www.cri201.ch\/index.php?rest_route=\/wp\/v2\/pages\/110\/revisions\/1301"}],"wp:featuredmedia":[{"embeddable":true,"href":"https:\/\/www.cri201.ch\/index.php?rest_route=\/wp\/v2\/media\/1261"}],"wp:attachment":[{"href":"https:\/\/www.cri201.ch\/index.php?rest_route=%2Fwp%2Fv2%2Fmedia&parent=110"}],"curies":[{"name":"wp","href":"https:\/\/api.w.org\/{rel}","templated":true}]}}