{"id":106,"date":"2013-12-17T21:49:46","date_gmt":"2013-12-17T20:49:46","guid":{"rendered":"http:\/\/localhost:8888\/cri201\/?page_id=106"},"modified":"2018-02-14T13:59:50","modified_gmt":"2018-02-14T12:59:50","slug":"habillement-2","status":"publish","type":"page","link":"https:\/\/www.cri201.ch\/?page_id=106","title":{"rendered":"Habillement"},"content":{"rendered":"<p><a href=\"http:\/\/www.cri201.ch\/?page_id=37\"><strong>&lt;&#8211; Retour \u00e0 la page pr\u00e9c\u00e9dente<\/strong><\/a><\/p>\n<p>&nbsp;<\/p>\n","protected":false},"excerpt":{"rendered":"<p>&lt;&#8211; Retour \u00e0 la page pr\u00e9c\u00e9dente &nbsp;<\/p>\n","protected":false},"author":5,"featured_media":1261,"parent":0,"menu_order":0,"comment_status":"closed","ping_status":"closed","template":"template-gallery-3.php","meta":{"_et_pb_use_builder":"","_et_pb_old_content":"","_et_gb_content_width":"","footnotes":""},"class_list":["post-106","page","type-page","status-publish","has-post-thumbnail","hentry"],"_links":{"self":[{"href":"https:\/\/www.cri201.ch\/index.php?rest_route=\/wp\/v2\/pages\/106"}],"collection":[{"href":"https:\/\/www.cri201.ch\/index.php?rest_route=\/wp\/v2\/pages"}],"about":[{"href":"https:\/\/www.cri201.ch\/index.php?rest_route=\/wp\/v2\/types\/page"}],"author":[{"embeddable":true,"href":"https:\/\/www.cri201.ch\/index.php?rest_route=\/wp\/v2\/users\/5"}],"replies":[{"embeddable":true,"href":"https:\/\/www.cri201.ch\/index.php?rest_route=%2Fwp%2Fv2%2Fcomments&post=106"}],"version-history":[{"count":6,"href":"https:\/\/www.cri201.ch\/index.php?rest_route=\/wp\/v2\/pages\/106\/revisions"}],"predecessor-version":[{"id":695,"href":"https:\/\/www.cri201.ch\/index.php?rest_route=\/wp\/v2\/pages\/106\/revisions\/695"}],"wp:featuredmedia":[{"embeddable":true,"href":"https:\/\/www.cri201.ch\/index.php?rest_route=\/wp\/v2\/media\/1261"}],"wp:attachment":[{"href":"https:\/\/www.cri201.ch\/index.php?rest_route=%2Fwp%2Fv2%2Fmedia&parent=106"}],"curies":[{"name":"wp","href":"https:\/\/api.w.org\/{rel}","templated":true}]}}